s divided by 16?
14
What is the remainder when 94 is divided by 26?
16
What is the remainder when 72 is divided by 36?
0
Calculate the remainder when 79 is divided by 21.
16
Calculate the remainder when 207 is divided by 8.
7
What is the remainder when 628 is divided by 30?
28
What is the remainder when 402 is divided by 54?
24
Calculate the remainder when 410 is divided by 196.
18
What is the remainder when 34 is divided by 12?
10
Calculate the remainder when 1465 is divided by 487.
4
What is the remainder when 2221 is divided by 57?
55
What is the remainder when 141 is divided by 11?
9
What is the remainder when 252 is divided by 43?
37
Calculate the remainder when 19739 is divided by 94.
93
What is the remainder when 110 is divided by 30?
20
Calculate the remainder when 31 is divided by 18.
13
Calculate the remainder when 157 is divided by 22.
3
Calculate the remainder when 10119 is divided by 241.
238
Calculate the remainder when 270 is divided by 7.
4
What is the remainder when 53 is divided by 6?
5
What is the remainder when 55 is divided by 17?
4
Calculate the remainder when 192 is divided by 55.
27
What is the remainder when 25 is divided by 9?
7
Calculate the remainder when 541 is divided by 112.
93
Calculate the remainder when 3426 is divided by 245.
241
Calculate the remainder when 943 is divided by 59.
58
Calculate the remainder when 145 is divided by 14.
5
Calculate the remainder when 535 is divided by 7.
3
Calculate the remainder when 66 is divided by 35.
31
Calculate the remainder when 922 is divided by 13.
12
Calculate the remainder when 184 is divided by 9.
4
Calculate the remainder when 388 is divided by 98.
94
Calculate the remainder when 4210 is divided by 2103.
4
Calculate the remainder when 558 is divided by 113.
106
Calculate the remainder when 117 is divided by 19.
3
Calculate the remainder when 83 is divided by 43.
40
Calculate the remainder when 561 is divided by 141.
138
Calculate the remainder when 4663 is divided by 167.
154
What is the remainder when 119 is divided by 41?
37
What is the remainder when 822 is divided by 226?
144
What is the remainder when 226 is divided by 35?
16
What is the remainder when 5 is divided by 2?
1
Calculate the remainder when 780 is divided by 11.
10
Calculate the remainder when 663 is divided by 34.
17
What is the remainder when 29 is divided by 12?
5
What is the remainder when 158 is divided by 23?
20
Calculate the remainder when 1555 is divided by 232.
163
What is the remainder when 533 is divided by 67?
64
Calculate the remainder when 238 is divided by 33.
7
Calculate the remainder when 8690 is divided by 32.
18
Calculate the remainder when 1052 is divided by 301.
149
What is the remainder when 1155 is divided by 13?
11
Calculate the remainder when 284 is divided by 102.
80
Calculate the remainder when 418 is divided by 60.
58
Calculate the remainder when 3103 is divided by 344.
7
What is the remainder when 19569 is divided by 435?
429
What is the remainder when 102 is divided by 27?
21
Calculate the remainder when 643 is divided by 28.
27
What is the remainder when 306 is divided by 10?
6
What is the remainder when 5017 is divided by 11?
1
What is the remainder when 622 is divided by 52?
50
What is the remainder when 418 is divided by 23?
4
Calculate the remainder when 4852 is divided by 23.
22
Calculate the remainder when 2617 is divided by 10.
7
What is the remainder when 2162 is divided by 6?
2
What is the remainder when 1495 is divided by 15?
10
What is the remainder when 4336 is divided by 140?
136
Calculate the remainder when 7931 is divided by 15.
11
Calculate the remainder when 5697 is divided by 219.
3
Calculate the remainder when 103 is divided by 38.
27
What is the remainder when 98 is divided by 38?
22
What is the remainder when 39 is divided by 36?
3
Calculate the remainder when 174 is divided by 22.
20
Calculate the remainder when 356 is divided by 20.
16
What is the remainder when 854 is divided by 842?
12
What is the remainder when 446 is divided by 28?
26
What is the remainder when 96 is divided by 11?
8
Calculate the remainder when 21 is divided by 10.
1
What is the remainder when 52 is divided by 12?
4
What is the remainder when 216 is divided by 46?
32
What is the remainder when 5670 is divided by 567?
0
Calculate the remainder when 96 is divided by 31.
3
Calculate the remainder when 112 is divided by 43.
26
Calculate the remainder when 115 is divided by 55.
5
Calculate the remainder when 333 is divided by 6.
3
Calculate the remainder when 42478 is divided by 17.
12
What is the remainder when 264 is divided by 54?
48
Calculate the remainder when 93 is divided by 36.
21
Calculate the remainder when 738 is divided by 261.
216
Calculate the remainder when 5817 is divided by 20.
17
Calculate the remainder when 79 is divided by 41.
38
Calculate the remainder when 100 is divided by 34.
32
What is the remainder when 910 is divided by 43?
7
What is the remainder when 223 is divided by 56?
55
What is the remainder when 1195 is divided by 63?
61
Calculate the remainder when 2211 is divided by 440.
11
Calculate the remainder when 111 is divided by 8.
7
Calculate the remainder when 177 is divided by 18.
15
Calculate the remainder when 1766 is divided by 877.
12
Calculate the remainder when 49 is divided by 3.
1
Calculate the remainder when 379 is divided by 101.
76
What is the remainder when 5712 is divided by 1141?
7
Calculate the remainder when 169 is divided by 84.
1
Calculate the remainder when 370 is divided by 4.
2
Calculate the remainder when 746 is divided by 29.
21
Calculate the remainder when 61 is divided by 23.
15
What is the remainder when 227 is divided by 58?
53
Calculate the remainder when 94 is divided by 24.
22
Calculate the remainder when 13 is divided by 8.
5
What is the remainder when 201 is divided by 16?
9
What is the remainder when 1033 is divided by 512?
9
Calculate the remainder when 530 is divided by 122.
42
Calculate the remainder when 204 is divided by 23.
20
What is the remainder when 404 is divided by 207?
197
What is the remainder when 2546 is divided by 25?
21
What is the remainder when 487 is divided by 36?
19
Calculate the remainder when 179 is divided by 47.
38
What is the remainder when 316 is divided by 170?
146
What is the remainder when 262 is divided by 94?
74
What is the remainder when 383 is divided by 64?
63
What is the remainder when 877 is divided by 55?
52
Calculate the remainder when 5920 is divided by 55.
35
Calculate the remainder when 47 is divided by 12.
11
Calculate the remainder when 38407 is divided by 230.
227
What is the remainder when 2087 is divided by 47?
19
What is the remainder when 1231 is divided by 605?
21
Calculate the remainder when 252 is divided by 52.
44
What is the remainder when 1713 is divided by 116?
89
What is the remainder when 1906 is divided by 86?
14
What is the remainder when 63 is divided by 21?
0
Calculate the remainder when 1570 is divided by 72.
58
Calculate the remainder when 550 is divided by 151.
97
What is the remainder when 743 is divided by 53?
1
What is the remainder when 202 is divided by 39?
7
Calculate the remainder when 143 is divided by 64.
15
Calculate the remainder when 430 is divided by 31.
27
Calculate the remainder when 116 is divided by 66.
50
Calculate the remainder when 84 is divided by 62.
22
Calculate the remainder when 407 is divided by 67.
5
Calculate the remainder when 239 is divided by 79.
2
Calculate the remainder when 789 is divided by 5.
4
What is the remainder when 69 is divided by 16?
5
What is the remainder when 2506 is divided by 93?
88
What is the remainder when 45021 is divided by 14?
11
What is the remainder when 267 is divided by 68?
63
What is the remainder when 495 is divided by 10?
5
What is the remainder when 13693 is divided by 32?
29
Calculate the remainder when 253 is divided by 38.
25
What is the remainder when 1007 is divided by 236?
63
Calculate the remainder when 1466 is divided by 241.
20
What is the remainder when 127 is divided by 34?
25
Calculate the remainder when 1701 is divided by 209.
29
Calculate the remainder when 1029 is divided by 1001.
28
What is the remainder when 280 is divided by 83?
31
What is the remainder when 456 is di